 is the greatest common factor of d and k?
44
Let m be -48*(-2)/4*(-1)/(-2). Let h be 2/1*18/m. Let y be ((-1)/3)/(h/45)*-2. Calculate the highest common factor of 5 and y.
5
Let w(d) = 2*d + 10. Let c be w(-4). Suppose c*h + 5 = 15. Suppose h*v - 182 = -52. Calculate the highest common factor of 130 and v.
26
Suppose -39*k + 4*k + 1820 = 0. Let q be ((-38)/4)/(-1) + k/(-104). Suppose 5*p - 27 = 33. Calculate the greatest common factor of p and q.
3
Let u(t) = 5*t + 2. Let g be u(3). Let q(x) = 8*x**2 + 18*x - 42. Let r be q(-5). Calculate the greatest common divisor of r and g.
17
Let t = -265 + 151. Let q = 133 + t. What is the highest common divisor of 57 and q?
19
Suppose 2*j - 1248 = -j. Suppose 205*x + m = 200*x + 463, -2*m = -4*x + 418. What is the greatest common factor of x and j?
32
Suppose 4*m + 5*g = -485, -3*m + 2*g + 9 - 344 = 0. Let s = 147 + m. Calculate the greatest common factor of 32 and s.
32
Let k = 29858 - 22790. Calculate the greatest common factor of 36 and k.
12
Suppose -7*h = -3*h - 60. Let k(c) = 14*c - 14*c - 5 + 0*c + 5*c**2. Let f be k(-2). Calculate the greatest common factor of f and h.
15
Let c(s) = -2*s + 16. Let l be c(7). Let g be 0/(l - (7 + -2)) - -3. Suppose 385 = 8*u - g*u. Calculate the highest common factor of 11 and u.
11
Let p(u) = -60*u**3 + 14*u**2 + 54*u + 2. Let h be p(-5). Calculate the greatest common divisor of h and 34.
34
Let s = -2389 - -6155. Calculate the greatest common divisor of 28 and s.
14
Let x = 2496 - 2493. Suppose 0 = -4*o - 6*o + 270. What is the greatest common factor of x and o?
3
Let q(p) = -3*p - 3. Let d(a) = -11*a - 180. Let u(w) = -d(w) + 5*q(w). Let n be u(0). What is the greatest common divisor of n and 77?
11
Let c(o) = -o**3 - 5*o**2 - o + 3. Let n = -41 + 35. Let d = -13 - n. Let i be c(d). Calculate the greatest common factor of i and 72.
36
Suppose -2*r - 46 = -4*r. Let k(m) = 2*m + 5. Let b be k(-5). Let u = b + r. Calculate the greatest common divisor of u and 12.
6
Let w be ((-8)/(-6))/(1/18). Suppose 0*d - w = -3*d. Let c = 56880 + -56879. Calculate the greatest common divisor of c and d.
1
Suppose 0 = -13*v - 13476 + 13645. Calculate the greatest common divisor of v and 52559.
13
Let o(i) = 3*i**2 + 180*i - 191. Let h be o(-69). What is the highest common divisor of h and 440?
88
Let d = 11206 - 10660. Calculate the greatest common divisor of d and 294.
42
Let z = 320 + -265. Calculate the highest common divisor of z and 25.
5
Suppose -450*f = -5*f - 7120. Calculate the highest common divisor of 10352 and f.
16
Let i = 30664 + -30643. Calculate the greatest common factor of 49 and i.
7
Let f(m) = 2892*m**3 + 55*m**2 - 116*m + 6. Let b be f(2). Calculate the highest common divisor of 18 and b.
18
Let b be (4 - (-25)/(-10))*81*-2. Let f = b - -256. What is the highest common divisor of f and 403?
13
Let u(f) = f + 32. Let h be u(-21). Suppose h - 368 = 7*v. Let k = v - -66. Calculate the highest common divisor of k and 135.
15
Let f(l) be the second derivative of l**5/10 - 11*l**4/12 - l**3/3 + l**2 + 20*l - 1. Let p be f(6). What is the highest common factor of 65 and p?
13
Let o = 3923 - 3779. Calculate the highest common divisor of o and 8280.
72
Suppose -904 = -7*p + 5*p. Let t be p*6/36*3/2. Suppose -5*a + t = 38. Calculate the greatest common factor of a and 12.
3
Suppose 0 = -2*t - 84*l + 81*l + 663, -4*t = -2*l - 1318. Calculate the highest common factor of 132 and t.
66
Suppose -236*b + 3405 = -3348 + 617. Calculate the highest common divisor of b and 14079.
13
Let z(d) = d**2 + 6*d + 10. Let f be z(-4). Let q be (-1 + f)/4 + (-3)/12. Suppose -5*m + 174 + 871 = q. Calculate the highest common divisor of m and 19.
19
Let i(h) = 17*h**2 - 9*h - 14017. Let v be i(29). Suppose 3*x - 795 = -2*x. Suppose 4*u - 145 - x = 0. Calculate the greatest common divisor of u and v.
19
Let u(x) = 39*x**3 - 26*x**2 + 5*x - 1. Let i be u(3). Calculate the greatest common divisor of i and 686.
49
Suppose 174 + 48 = 2*c. Let u(q) = q**3 - 92*q**2 - 282*q - 284. Let w be u(95). Calculate the highest common factor of w and c.
1
Let v(k) = -100*k + 4410. Let i be v(41). What is the highest common factor of i and 13206?
62
Suppose -23*x + 14544 = -5021 - 18730. What is the highest common divisor of x and 45?
45
Suppose 159 = 17*q - 351. Suppose -q*g + 83 = -7. Let x(j) = j**3 + 4*j**2 + 3*j + 1. Let i be x(-2). Calculate the greatest common divisor of g and i.
3
Let i = -3569 + 4057. What is the highest common divisor of i and 72?
8
Let l(y) = 769*y + 1467. Let u be l(14). Calculate the highest common divisor of u and 13.
13
Suppose -2*f + 79 = -3*o, 4*o + 3*f + 138 = -o. Let l be (-4)/8 - 213/(-6). Let u = o + l. What is the highest common divisor of 20 and u?
4
Let x(g) = 1070*g + 33181. Let b be x(-31). Let q(l) = 252*l**2 + l. Let y be q(1). Calculate the highest common divisor of b and y.
11
Let j = 277412 + -277409. Let l = -17 - -35. Suppose -h = 2*h - l. Calculate the highest common factor of j and h.
3
Let k = -20 + 30. Let f(q) = 5*q - 24. Let x be f(k). Suppose 2*j - x = 86. Calculate the greatest common factor of 16 and j.
8
Let b be 4628/(-5785)*(-5 + 0). Let s be (-8)/(-28) - 19/(-7). Let l be s/3 - (-1 - 4). Calculate the greatest common factor of l and b.
2
Let d(v) = -4*v**2 - 4*v + 24. Let n be d(-11). Let u be ((-9)/6)/(6/n). Let c = 190 - u. What is the highest common divisor of 215 and c?
43
Suppose 204 = b + 221. Let s be ((-1)/4)/(b/2244). Calculate the greatest common factor of 33 and s.
33
Suppose -h = -m - 817, 3*h - 3*m - 2*m - 2447 = 0. Calculate the highest common divisor of 104 and h.
13
Let v = -6391 - -6655. What is the greatest common factor of v and 720?
24
Let s(f) be the second derivative of -5*f**3/3 - 5*f**2/2 - 5*f - 2. Let i be s(-3). What is the greatest common factor of i and 25?
25
Let i = 111 - 104. Suppose i*a - 257 = 814. Calculate the greatest common factor of 34 and a.
17
Suppose 0 = 26*k - 24*k - 66. Let z = -14 - -22. Let x be 22/z*(-9 + 13). Calculate the highest common factor of x and k.
11
Suppose 9*h = -47 + 92. Suppose 3*l - 3*s = 116 + 853, 1619 = h*l - 3*s. Calculate the highest common divisor of l and 50.
25
Let n = -168851 - -168867. Suppose -2*f + 1016 = 88. Calculate the greatest common divisor of n and f.
16
Suppose 0 = 5*l - 6*l + 4. Let c be l*(-4 - (-27)/6). Suppose 30 = c*x - 130. What is the highest common divisor of 20 and x?
20
Let d be 2/3 + 2012/6. Let b be (-777)/35*(1 + 16/4). Let a = b + 153. What is the greatest common factor of d and a?
42
Let t(w) = -w**3 + 3*w + 2. Let z be t(-2). Suppose z*b = -b + 95. Suppose -r = 3*g - b, 3*g = 5*r + g - 146. What is the greatest common divisor of r and 252?
28
Let z(j) = 2*j**2 - 111*j + 1043. Let n be z(11). Suppose -5*t + 916 = 116. What is the highest common divisor of t and n?
32
Suppose -2*d = -o, 0*o - 4*o - 3*d = -11. Suppose -2*h + 109 = g, 7 = h + o*g - 40. What is the highest common divisor of h and 6?
3
Suppose -15 = -4*t + 1. Suppose 0 = t*g - 8*g + 32. Suppose 0 = -6*w + g*w - 22. What is the greatest common divisor of w and 88?
11
Let j(b) = -12*b - 12. Let t be j(-5). Let q = -28 + t. Let p be q + -1 - (-7 + 10). Calculate the greatest common divisor of p and 8.
8
Let n(d) = 8*d**2 + 22*d + 5. Let v be n(-3). Suppose s - 2*s = -5*o - 304, 2*s - 641 = -o. Calculate the greatest common divisor of s and v.
11
Let q(s) = s**2 + 73*s - 1475. Let n be q(17). What is the highest common factor of 1 and n?
1
Suppose -76*o + 592992 = 6*o + 5*o. What is the greatest common factor of 48 and o?
48
Let t be 14*(-24 - 6348/(-161)). Calculate the greatest common divisor of 594 and t.
54
Suppose 4*b - 2*g - 176 = 0, -2711*g + 232 = 5*b - 2715*g. Let f = 18 - 13. Calculate the greatest common factor of b and f.
5
Let v be 8/(-4)*10/(-2). Let j be (12 + -6)/(61/3477*18/10). Calculate the highest common divisor of v and j.
10
Suppose -3*v = 13 + 2. Let l be ((-72)/(-225)*-5)/(2/v). What is the greatest common divisor of l and 14?
2
Let q = -243 + 279. What is the greatest common divisor of q and 3576?
12
Let y be -3 - 1/((23/460)/(6/(-15))). Let s(b) = b**2 - 7*b - 8. Let a be s(9). What is the highest common factor of a and y?
5
Let r = -14240 + 14254. What is th